{"id":44,"date":"2017-08-11T19:14:47","date_gmt":"2017-08-11T17:14:47","guid":{"rendered":"http:\/\/www.physiotherapie-blumenthal.de\/?page_id=44"},"modified":"2018-11-26T17:39:36","modified_gmt":"2018-11-26T16:39:36","slug":"impressum","status":"publish","type":"page","link":"https:\/\/www.physiotherapie-blumenthal.de\/?page_id=44","title":{"rendered":"Impressum"},"content":{"rendered":"<p>Verantwortlich f\u00fcr die Inhalte (gem\u00e4\u00df \u00a7 5 TMG \/ \u00a7 55 II RStV)<\/p>\n<p>Ana Ehmke<br \/>\nNeuenkirchener Weg 14<br \/>\n28779 Bremen<br \/>\nTel. 0421 696 635 65<\/p>\n","protected":false},"excerpt":{"rendered":"<p>Verantwortlich f\u00fcr die Inhalte (gem\u00e4\u00df \u00a7 5 TMG \/ \u00a7 55 II RStV) Ana Ehmke Neuenkirchener Weg 14 28779 Bremen Tel. 0421 696 635 65<\/p>\n","protected":false},"author":1,"featured_media":0,"parent":0,"menu_order":0,"comment_status":"closed","ping_status":"closed","template":"","meta":{"footnotes":""},"class_list":["post-44","page","type-page","status-publish","hentry"],"_links":{"self":[{"href":"https:\/\/www.physiotherapie-blumenthal.de\/index.php?rest_route=\/wp\/v2\/pages\/44","targetHints":{"allow":["GET"]}}],"collection":[{"href":"https:\/\/www.physiotherapie-blumenthal.de\/index.php?rest_route=\/wp\/v2\/pages"}],"about":[{"href":"https:\/\/www.physiotherapie-blumenthal.de\/index.php?rest_route=\/wp\/v2\/types\/page"}],"author":[{"embeddable":true,"href":"https:\/\/www.physiotherapie-blumenthal.de\/index.php?rest_route=\/wp\/v2\/users\/1"}],"replies":[{"embeddable":true,"href":"https:\/\/www.physiotherapie-blumenthal.de\/index.php?rest_route=%2Fwp%2Fv2%2Fcomments&post=44"}],"version-history":[{"count":2,"href":"https:\/\/www.physiotherapie-blumenthal.de\/index.php?rest_route=\/wp\/v2\/pages\/44\/revisions"}],"predecessor-version":[{"id":189,"href":"https:\/\/www.physiotherapie-blumenthal.de\/index.php?rest_route=\/wp\/v2\/pages\/44\/revisions\/189"}],"wp:attachment":[{"href":"https:\/\/www.physiotherapie-blumenthal.de\/index.php?rest_route=%2Fwp%2Fv2%2Fmedia&parent=44"}],"curies":[{"name":"wp","href":"https:\/\/api.w.org\/{rel}","templated":true}]}}