{"id":33,"date":"2017-08-11T18:07:00","date_gmt":"2017-08-11T16:07:00","guid":{"rendered":"http:\/\/www.physiotherapie-blumenthal.de\/?page_id=33"},"modified":"2018-11-26T13:08:08","modified_gmt":"2018-11-26T12:08:08","slug":"anfang","status":"publish","type":"page","link":"https:\/\/www.physiotherapie-blumenthal.de\/","title":{"rendered":"Herzlich willkommen."},"content":{"rendered":"<p><a href=\"http:\/\/www.physiotherapie-blumenthal.de\/wp-content\/uploads\/2018\/11\/f3bfbd42-896a-4039-ac05-f9615b44d871.jpg\"><img loading=\"lazy\" decoding=\"async\" class=\"aligncenter size-medium wp-image-177\" src=\"http:\/\/www.physiotherapie-blumenthal.de\/wp-content\/uploads\/2018\/11\/f3bfbd42-896a-4039-ac05-f9615b44d871-230x300.jpg\" alt=\"\" width=\"230\" height=\"300\" srcset=\"https:\/\/www.physiotherapie-blumenthal.de\/wp-content\/uploads\/2018\/11\/f3bfbd42-896a-4039-ac05-f9615b44d871-230x300.jpg 230w, https:\/\/www.physiotherapie-blumenthal.de\/wp-content\/uploads\/2018\/11\/f3bfbd42-896a-4039-ac05-f9615b44d871.jpg 547w\" sizes=\"auto, (max-width: 230px) 100vw, 230px\" \/><\/a>Ich freue mich Sie auf unserer Webseite begr\u00fc\u00dfen zu d\u00fcrfen.\u00a0Mein Name ist Ana Ehmke und ich m\u00f6chte ihnen unsere Praxis f\u00fcr Physiotherapie in Blumenthal vorstellen.<\/p>\n","protected":false},"excerpt":{"rendered":"<p>Ich freue mich Sie auf unserer Webseite begr\u00fc\u00dfen zu d\u00fcrfen.\u00a0Mein Name ist Ana Ehmke und ich m\u00f6chte ihnen unsere Praxis f\u00fcr Physiotherapie in Blumenthal vorstellen.<\/p>\n","protected":false},"author":1,"featured_media":0,"parent":0,"menu_order":0,"comment_status":"closed","ping_status":"closed","template":"","meta":{"footnotes":""},"class_list":["post-33","page","type-page","status-publish","hentry"],"_links":{"self":[{"href":"https:\/\/www.physiotherapie-blumenthal.de\/index.php?rest_route=\/wp\/v2\/pages\/33","targetHints":{"allow":["GET"]}}],"collection":[{"href":"https:\/\/www.physiotherapie-blumenthal.de\/index.php?rest_route=\/wp\/v2\/pages"}],"about":[{"href":"https:\/\/www.physiotherapie-blumenthal.de\/index.php?rest_route=\/wp\/v2\/types\/page"}],"author":[{"embeddable":true,"href":"https:\/\/www.physiotherapie-blumenthal.de\/index.php?rest_route=\/wp\/v2\/users\/1"}],"replies":[{"embeddable":true,"href":"https:\/\/www.physiotherapie-blumenthal.de\/index.php?rest_route=%2Fwp%2Fv2%2Fcomments&post=33"}],"version-history":[{"count":9,"href":"https:\/\/www.physiotherapie-blumenthal.de\/index.php?rest_route=\/wp\/v2\/pages\/33\/revisions"}],"predecessor-version":[{"id":318,"href":"https:\/\/www.physiotherapie-blumenthal.de\/index.php?rest_route=\/wp\/v2\/pages\/33\/revisions\/318"}],"wp:attachment":[{"href":"https:\/\/www.physiotherapie-blumenthal.de\/index.php?rest_route=%2Fwp%2Fv2%2Fmedia&parent=33"}],"curies":[{"name":"wp","href":"https:\/\/api.w.org\/{rel}","templated":true}]}}